of b?
1
Let h = 2007 + -1179. Suppose 72 + h = 15*z. What is the units digit of z?
0
What is the tens digit of (57804 - 0)*(11/(-55))/((-2)/5)?
0
Let q(u) = 295*u**2 - 9*u + 7. What is the thousands digit of q(4)?
4
Let p(l) = 140*l**2 - 1053*l - 13. What is the thousands digit of p(-12)?
2
What is the hundreds digit of 8/(40/(-35)) - (-8 - 3200)?
2
Suppose 3*s + 1720 = 8*s - o, -o = 0. Suppose 5*y + 0*y = m - 148, 2*m + 2*y = s. Suppose 7*r - 3*r = m. What is the units digit of r?
2
Suppose -3 = 2*j + 1. Let q be (j/20)/((-20)/(-750))*-28. Let v = -66 + q. What is the units digit of v?
9
Suppose 0 = -6*z - 23*z + 198940. What is the units digit of z?
0
Suppose -m = -4*f + 10 + 6, 5 = -f - 2*m. Suppose -5*h + 932 = d - 19, -12 = f*d. Suppose 5*v - h = -6*b + 3*b, -v = 2*b - 125. What is the tens digit of b?
6
Let p be 6/(-4)*188/(-6). Suppose -3*g + 5*f + 30 = -p, g - 2*f = 26. What is the tens digit of g?
2
Let a = 7 + 0. Let z = 1205 + -715. Suppose a*i - z = 2*i. What is the tens digit of i?
9
Let l = -6894 - -10034. Suppose 7*g - 14060 + l = 0. What is the tens digit of g?
6
Suppose -3 = 2*a + a, 4*a - 1109 = -3*o. Let g = 131 + o. What is the hundreds digit of g?
5
Let m(w) = 1139*w + 43. Let a be m(1). Suppose 8 = 2*d, 5*p - 1929 - 126 = -5*d. Suppose 5*v = a - p. What is the tens digit of v?
5
Let w be -34 - -41 - 4/(-1). Suppose 4*j = 4*v - 25 - 23, v - 2*j = w. What is the units digit of v?
3
Suppose -8*d = 28 + 28. Let q(r) = 16 + 6 + 11 - 7*r. What is the units digit of q(d)?
2
Let m(j) = -131*j - 4. Let y = 66 + -69. Let q be 5/(-3) - (-1)/y. What is the hundreds digit of m(q)?
2
Suppose -14*s - 12*r - 114606 = -19*s, -45897 = -2*s - 3*r. What is the thousands digit of s?
2
Suppose -37 = -14*w + 5. Suppose 0 = u + 5*a - 43, 0 = u - w*a + 21 - 104. What is the units digit of u?
8
Suppose 4*m + 65 + 7 = -4*w, 69 = -5*w + 2*m. Let s = w + 20. Suppose -r + 75 = 3*x, -3*r + 12 = x - s. What is the tens digit of x?
2
Let v(r) = -11*r**3 + 42*r**2 + 32*r + 785. What is the hundreds digit of v(-15)?
8
Let y = -21644 - -30998. What is the tens digit of y?
5
Let t(w) = -5*w**3 - 2*w**2 + 6*w - 1. Let o = 53 + -73. Let z be -1*o/(-4) + 2. What is the units digit of t(z)?
8
Let p(n) = 4*n**2 + n + 231. What is the thousands digit of p(21)?
2
Suppose -2*a + 0*a + 58 = 0. Suppose -34*j + a*j = -70. What is the tens digit of (-6)/14 + 2344/j?
6
Suppose -k + 2*k + 12 = -3*z, 0 = 5*k. Let i be (-30)/(2/((z - 0) + 2)). Let a = 60 - i. What is the units digit of a?
0
Let c(d) = d**3 - 30*d**2 + 15*d - 48. Suppose 9*u + 870 = 38*u. What is the hundreds digit of c(u)?
4
Let f(v) = -5*v + 83. Let s be f(16). Suppose g + s*c - 13 = 0, 3*c + 0*c - 43 = -4*g. What is the tens digit of g?
1
Let t = 31449 + -20837. What is the hundreds digit of t?
6
What is the tens digit of (-43736)/(0 + -8)*1*1?
6
Suppose -12*i + 95623 - 34663 = 0. What is the hundreds digit of i?
0
Suppose 4*b - 7 = 5*q + 26, -5*b + 2*q + 20 = 0. Let w be 21/9*(14 + 10)/8. Suppose 4*n + l = 212, 2*n + b*l - w*l = 128. What is the tens digit of n?
5
Let f be -52 - (0 + (-4)/4). Let b = -49 - f. What is the units digit of (-4)/b*258/(-6)?
6
Suppose 8051227 = -264*m + 13803678 + 10803253. What is the units digit of m?
1
Let t(g) = -20*g + 4. Let k be t(-3). Let c = -1312 - -1322. Suppose 2*d + c = k. What is the tens digit of d?
2
What is the thousands digit of -718*(-474)/15 - (-2)/10?
2
Let b(c) = 4*c - 49. Let v be b(11). Let p(o) = o**3 + 15*o**2 + 2*o - 17. What is the tens digit of p(v)?
2
Let c be (5 - 13) + 0 + 674. Suppose -2*j = r - 2209, -5*j + 4856 = 3*r - c. What is the thousands digit of j?
1
What is the thousands digit of (-8755104)/(-720)*(-30)/(-4)?
1
Suppose -25*m = -68*m - 89*m + 2168496. What is the hundreds digit of m?
4
Suppose 29*w - 1672778 + 241293 = -26*w. What is the tens digit of w?
2
What is the units digit of (((-4)/(-4))/1)/(580239/(-36265) - -16)?
5
Let i = 5755 - 2793. What is the units digit of i?
2
Let z(r) be the third derivative of -48*r**2 - 1/6*r**3 + 0*r + 0 - 23/4*r**4. What is the units digit of z(-2)?
5
Suppose -2*o - 3*x = -11579, -4*o + 7*x + 23103 = 2*x. What is the tens digit of o?
8
Let y(t) = -t**3 + t - 4. Let g be y(-2). Suppose -4049 - 129 = -4*d - 2*l, d - g*l = 1052. What is the units digit of d?
6
Suppose 0 = 256*h + 890 - 2938. What is the units digit of h?
8
Suppose -3*d + 45*d = 70266. Let g = -1132 + d. What is the units digit of g?
1
Suppose n = -4*l + 200 - 50, 0 = 3*n - 5*l - 467. Suppose -4*z + n = 3*r, 0*z + 4*z = 3*r - 146. What is the units digit of r?
0
Let f(m) = -m**2 - 23*m - 20. Let c be 1*(9 - -2 - 2). Suppose c*w + 34 = -92. What is the hundreds digit of f(w)?
1
Suppose 0 = -25*m + 26*m + 61. Let v = m + 320. Let j = v + -165. What is the units digit of j?
4
Let q(t) = 3*t + 20. Let o be q(-8). Let d be 5*((-2)/o - (-1)/(-10)). What is the tens digit of -113*(d - 1)*-1?
1
Let x = 26 + -27. What is the hundreds digit of -2 + x + -2 + 157?
1
Let a(u) = -15369*u - 764. What is the hundreds digit of a(-1)?
6
Suppose 2681 = -3*v + 6*v + r, -4*v = -4*r - 3564. Let q = v - -386. What is the tens digit of q?
7
Let a(b) = -4*b - 127. Let c be a(-30). What is the hundreds digit of (6713/21)/c*-9?
4
Suppose 0 = 4*c + 28*c + 9*c - 1706174. What is the hundreds digit of c?
6
Let d be 0 + 2 + 1 + 0. Suppose -d*q = 6*q - 2*q. Suppose -117 = -3*x + 2*m, q*m = -x + m + 38. What is the tens digit of x?
4
Suppose 49*u - 78 = 167. Suppose -3*d - 474 = 5*h - 5343, -d + 4863 = u*h. What is the units digit of h?
2
Let d(s) = -s**2 + 21*s + 100. Let f(t) = 6*t - 8. Let z be f(5). What is the units digit of d(z)?
8
Let d be (-3)/27*0 + -155. What is the units digit of (-198)/(-33) - d/(-2)*-6?
1
Suppose 3*b + 3*i - i = -12, 2*i - 16 = 4*b. Let a be (-3 + 0 - -6)/((-3)/b). Suppose 4*k + a*q = 228, 2*k - 6*q - 114 = -2*q. What is the tens digit of k?
5
Let o = -35 + 40. Let a(u) = -20*u + 12 + 3*u**2 - o*u + 12*u. What is the units digit of a(9)?
8
Let h = 3 + 169. Let p be (32/(-12) - -3) + 15906/(-198). Let i = p + h. What is the units digit of i?
2
Let t be (-18 + 19)/(2 - (-83)/(-41)). Let d = 93 + t. Suppose 3*y - 92 = -r + d, 3*r + 5*y = 448. What is the tens digit of r?
5
Suppose -30650 + 334130 + 1017364 = 46*k. What is the hundreds digit of k?
7
Let j(p) = -12*p**2 + 93*p + 2. Let l be j(13). Let m = l + 1503. What is the tens digit of m?
8
Suppose 2*c + 112 = -s + 13, -5*s + 2*c = 459. Let a = 108 + s. What is the units digit of (-20)/a*(-414)/4?
8
Let h(d) = -12*d**2 - 2733 + 2*d + 7*d**2 - d**3 + 2782 - 15*d**2. What is the tens digit of h(-21)?
4
Suppose 17*j = 30815 + 101564. What is the units digit of j?
7
Let f(c) be the first derivative of -9*c**2/2 + 42*c - 24. Let n be f(-9). Suppose 0 = -5*s + 5*v + 215, 0 = -2*s + 4*v - 45 + n. What is the units digit of s?
7
Let c be (419/4)/((-3)/(-24)). Suppose -4*q + 494 = -c. What is the tens digit of q?
3
Suppose 5*l - 34404 + 7728 = z, 4*z + 26679 = 5*l. What is the thousands digit of l?
5
What is the ten thousands digit of (126710/(-24))/(48/(-768)) + (-2)/6?
8
Suppose 26 = -2*q + 21*d - 19*d, -2*d = -4*q - 44. Let l(y) be the first derivative of -y**3/3 - 10*y**2 + 9*y + 1. What is the hundreds digit of l(q)?
1
Suppose 102 = 3*o + 579. Let l = o - -231. What is the tens digit of l?
7
Suppose -5*x - v - 3*v = 10, 0 = -2*x - 5*v - 21. Let t be 2 - ((-5 - -6) + 112/x). Let h = 224 + t. What is the tens digit of h?
6
Let q = 26751 + 381. What is the units digit of q?
2
Suppose -3*p = 5*u - 353, -2*u + 4*p + 57 = -79. Let q = 78 - u. Suppose -5*o + 493 = 4*f, 2*f + 2*f = q. What is the tens digit of o?
9
Suppose -29 = 4*g - 9, 0 = -4*w - 4*g + 168. Suppose -3*h - w = -2*l, 9*l + 5*h - 39 = 5*l. Suppose 4*y = l, -4*y = n - 3*y - 166. What is the tens digit of n?
6
Let h(d) = 162*d**3 - 4*d**2 + 14*d - 68. What is the tens digit of h(4)?
9
Let s = 36948 + 23407. What is the thousands digit of s?
0
Suppose -2*h + 10*h + 1304 = 0. Let y = h + 184. What is the units digit of y?
1
Suppose -4*m - 84 = -2*s, m + 3*s + 6 = -8. What is the hundreds digit of 6 + 135/m + 4965/12?
4
Let h = 7680 - -7024. What is the units digit of h?
4
Suppose -4*l + 0*l - 160 = 0. Let w(t) = -2*t**3 - 9*t**2 + 9